nder when y is divided by 25?
22
Suppose 0 = -2*x + 2*n + 12, 0 = -x - 6*n + n - 6. Let t(m) = -m**2 + 8*m - 13*m + 12*m - 2 + x*m. Calculate the remainder when 63 is divided by t(9).
15
Let r = -1 - -3. Suppose -r*m + 155 = 3*m. Let t(u) = -u**3 - 8*u**2 + 13*u + 82. Calculate the remainder when t(-10) is divided by m.
28
Suppose -4*l = -l, -5*l + 25 = 4*i - 39. Calculate the remainder when 1677 is divided by i.
13
Calculate the remainder when 176 is divided by 1*29 + 45/18*(-48)/20.
15
Let b(o) = -4*o + 27. Let a be (-3)/(-30) + (-312)/(-80). What is the remainder when 152 is divided by b(a)?
9
Let m(c) = -3*c + c - c + c - 1. Let k be m(-2). Suppose 0 = -k*y - 13 + 61. Calculate the remainder when y is divided by 10.
6
Let h be (-6)/6 + (2 - -47). Suppose h = -g + 4*g. Suppose 0 = 43*v + 125 - 469. Calculate the remainder when g is divided by v.
0
Suppose 3*y - 50 = -7*y. Suppose 7*x = -y*x + 324. Calculate the remainder when 315/4 + (-9)/(-36) is divided by x.
25
Suppose 3*k - 134 = 4*u, -3 - 136 = -3*k + 5*u. Suppose 87*n - k = 85*n. Let f = 29 - n. Calculate the remainder when 16 is divided by f.
6
Let i be 33/55*(0 - -10). Let y(r) = -15 + i*r + 11 - 35. Calculate the remainder when y(23) is divided by 34.
31
Suppose 3*f - 339 = -219. Calculate the remainder when 125 is divided by f.
5
Suppose -2*v + 2*q = -378, -167 = -3*v + 5*q + 406. What is the remainder when 571 is divided by v?
13
Let f = 405 + -400. Suppose 34 = 3*b + b + f*z, z + 35 = 3*b. What is the remainder when 136 is divided by b?
4
Suppose -3*b = u - 2, -u + 48 = 3*u + 4*b. Let p = 12755 + -12641. Calculate the remainder when p is divided by u.
12
Let u(d) = -2*d**2 + 33*d - 19. Let j be u(14). Suppose -48*p - 51 = -j*p. Calculate the remainder when 233 is divided by p.
12
Let v be 438/8 - (-4)/((-64)/12). Suppose 9*x - 3*z = 14*x - 76, 3*x - v = z. What is the remainder when 98 is divided by x?
13
Let i(d) = -26*d + 764. What is the remainder when 185 is divided by i(27)?
61
Suppose 0 = -3*f + 5*f. Suppose -2*g = -5*x + 26 + 31, f = -2*x + 3*g + 25. Suppose 1097*n - 1025 = 1072*n. What is the remainder when n is divided by x?
8
Suppose z = -10*z + 2805. Suppose -z = -5*f + 185. Let x = f + -77. What is the remainder when 31 is divided by x?
9
Suppose -11*q + 279 = -2*q. Let p be 2/(-4) - 17/(-2). What is the remainder when (-370)/(-4) - (p - 15)/(-14) is divided by q?
30
Let x = -18961 + 19063. Calculate the remainder when x is divided by 24.
6
Let v = -72 - -96. Suppose 84*q - 30 = 74*q. Calculate the remainder when v is divided by q.
0
Let v = -45 + 61. Calculate the remainder when 1*(-30)/35*-91 is divided by v.
14
Suppose 2275 = 9*l + 56*l - 0*l. Calculate the remainder when 154 is divided by l.
14
Let r(x) = 43*x - 563. Calculate the remainder when 789 is divided by r(16).
39
Calculate the remainder when 236 is divided by 5 + -9 + (-66)/(-11) - (1 - 4).
1
Let d(g) be the third derivative of -17*g**4/24 + 19*g**3/6 - 25*g**2. Let p be d(-7). Calculate the remainder when 16 is divided by p/24 - 2*(-2)/16.
4
Let f = 14 - -1. Let c(v) = 2*v + 15. Let l be c(-4). Suppose -20 = -4*b + 4*i - 0, -5*b + l = i. Calculate the remainder when f is divided by b.
1
Let p = 4476 + -4427. Suppose -2*a - 5*m = 2*a - 22, 0 = 2*m - 4. Calculate the remainder when p is divided by a.
1
Suppose 0 = -4*j + 2*o - 1102, -j + 1100 = -5*j + 4*o. Suppose 2*d - 5*d + 108 = 0. Calculate the remainder when d is divided by (-27)/(-45) + j/(-15).
17
Let m be 48/(-26) + (-224)/104 + 2. Let o(a) = 36*a + 3*a**2 + 2 + 14*a**2 - 33*a. Calculate the remainder when o(m) is divided by 3.
1
Let n be (3/(-12)*-6)/(6/128). Let y = n - 29. What is the remainder when 41 is divided by (-324)/(-16) + (0 - y/(-4))?
20
Suppose 2*y + 3*q = 62 + 27, 3*y = 2*q + 153. Let x = 158 + -103. Suppose -50*b + x*b = 85. What is the remainder when y is divided by b?
15
Suppose 3*z - 42 = -u, 2*u = z + 1 - 8. Calculate the remainder when (2*(-1)/(-4))/((-47)/(-8460)) is divided by z.
12
Suppose -1053 = -108*a - 4 + 139. What is the remainder when 3948 is divided by a?
10
Suppose d - 7*g = -11*g + 6893, -2*g = 5*d - 34537. What is the remainder when d is divided by 96?
93
Suppose 2*o - g = 99, 1507*o + 103 = 1509*o - 5*g. Calculate the remainder when 1075 is divided by o.
46
Let h(t) = -40*t + 233. Let v = 0 - -1. Let m = 10 - v. Calculate the remainder when h(5) is divided by m.
6
Let m = 47 + -53. Let t be 25/((m + 5)*-1). Suppose 22*d = t*d - 108. What is the remainder when d is divided by 10?
6
Suppose 3*f = 7*f - 56. Let u(x) = -3*x**3 + 5*x + 10. Let i = -445 - -443. What is the remainder when u(i) is divided by f?
10
Let a(q) = q**2 - 9*q - 32. Calculate the remainder when a(-5) is divided by ((-21)/(-14))/((-6)/(-32)).
6
Calculate the remainder when 42/((0 + -1)/(1568/(-56))) is divided by 131.
128
Let f be 3/2*(-96)/(-9). Suppose -840 = -f*i + i. Calculate the remainder when i is divided by (-3)/9 + 230/15.
11
Suppose 4*v = 4*n - 24, 49*v - 51*v = n + 6. Suppose d - 22 = 23*t - 27*t, -t - 62 = -n*d. Calculate the remainder when 84 is divided by d.
24
Let b(d) = 31*d - 7. Let s(f) = f**3 + 98*f**2 + 641*f + 96. What is the remainder when b(5) is divided by s(-7)?
12
Let d be ((-152)/(-18))/2 - (-4)/(-18). Suppose 96 - 319 = -v + 2*g, -4*g + d = 0. What is the remainder when v is divided by 19?
16
Suppose 21870 = 17*c - 4633. Calculate the remainder when c is divided by 40.
39
Let f = 2924 + 410. Calculate the remainder when f is divided by 139.
137
Let n(z) = z**3 - 86*z**2 + 176*z - 71. Calculate the remainder when n(84) is divided by 88.
73
Let p = 6251 + -6190. Calculate the remainder when 127 is divided by p.
5
Suppose g + 9 = 0, 5*i - 2*g + 8639 = 48477. Calculate the remainder when i is divided by 295.
294
What is the remainder when ((-84)/35)/(3*6/(-15960)) is divided by 41?
37
What is the remainder when 1769 is divided by (-222)/(-1776)*(72/1)/1?
5
Suppose 4*v = -v + 1150. Let z = -132718 + 132739. What is the remainder when v is divided by z?
20
Let u = 27 + -13. Let o = -1 + u. What is the remainder when (40 - (-2 - -14)) + 21 is divided by o?
10
Let o(v) = v**2 + 117*v - 2643. What is the remainder when 1802 is divided by o(-137)?
56
Let x = -142 - -424. Suppose 0 = 6*d - 3*d - x. What is the remainder when d is divided by 28/196 + (-3)/(84/(-668))?
22
What is the remainder when 4/(-8) - (380/(-40) + -20) is divided by 30/8 - (-1)/4?
1
Suppose 3*v - 4*c = -7, -4*c + 10 = v - 3*v. Suppose v*b = -2*p + p, 0 = 5*b + 4*p. Suppose 3*d + 13 - 34 = b. Calculate the remainder when 17 is divided by d.
3
Calculate the remainder when 295 is divided by 6/30*2*(-35)/56*-24.
1
Suppose 3*w = 13 + 2. What is the remainder when 509 is divided by (-186)/(-465) - (-318)/w?
61
Let j(s) = -14*s + 1396. What is the remainder when 256 is divided by j(93)?
68
Suppose 7*v - 30 = -3*v. Let o(j) = -2*j - j**v + 0 + 4 + 2*j**3. What is the remainder when 31 is divided by o(2)?
7
Let q = -6980 - -7964. What is the remainder when q is divided by 34?
32
Let q = -3 + 1. Suppose -6*t + 317 = 41. Calculate the remainder when 68 is divided by (q - (-4 - -4))/((-4)/t).
22
Suppose -2*f - 11 = -2*k + 1, 3*k + 17 = -4*f. Let z(r) = -13 + 3*r**2 + 7*r - r + 4. Calculate the remainder when z(f) is divided by 8.
4
Suppose 4*f = -47*f - 510. Let u(v) = -9*v - 81. Calculate the remainder when (-3)/(-6) + 34/4 is divided by u(f).
0
Calculate the remainder when 325 is divided by (14 + -59)/(-3) - 8/1.
3
Let d = -168 - -221. Let q = 42 - 36. Calculate the remainder when d is divided by (q/(-9))/((-4)/90).
8
Suppose 9 = -b + 4*b. Suppose -u + 48 = b*u. Suppose 5*x + 2*q - 116 = x, -u = -3*q. Calculate the remainder when x is divided by 11.
5
Let h(y) = 189*y - 2 - 189*y - y**3 - 2*y**2 + 7. Let s be h(-2). Suppose -5*o + 2*z = -40 - 19, -5*z + 80 = s*o. What is the remainder when o is divided by 4?
1
Let u = 66 + -52. Let h be (511/u + 3)*(1 + 3). Let f = 225 - h. What is the remainder when f is divided by 23?
21
Let n = -73 - -136. Suppose -6*s + 153 + 1383 = 0. Let o = -234 + s. Calculate the remainder when n is divided by o.
19
Let v(q) = 71*q**2 - 133*q - 544. What is the remainder when v(-6) is divided by 65?
15
Let g = -449 + 451. Suppose -243 = 